 f(w).
9
Let c(r) = -r**2 - 16. Suppose 0 = -2*n - 6, 3*s - 204*n = -209*n - 3. Calculate c(s).
-32
Let l(b) = -7*b - 26. Let a be l(-5). Let n be a/((-27)/(-6)) - 8. Let x(w) = -2 - w - 3*w + 7*w. What is x(n)?
-20
Let s(f) = -2*f**2 - 1. Let c be -1*(-12)/3*2. Let z be (-1 - -2)/(28/c + -3). Suppose 0 - z = -2*a. Calculate s(a).
-3
Let l(z) = 2*z + 7. Let t = 98 - 124. Let b be 6 - 8/((-16)/t). Give l(b).
-7
Let b(s) = 136*s - 406. Suppose 0 = -2*q + 4, h + 3*q - 1135 + 1126 = 0. Give b(h).
2
Let a(j) be the first derivative of -j**2 + 9. Suppose -90 = -5*m - 0*m. Let k = m + -19. Determine a(k).
2
Let y(t) be the first derivative of 2*t**3/3 + 5*t**2 + 10*t - 296. Determine y(-3).
-2
Let j be -1*6/(-2) - 2. Let x(p) be the first derivative of 0*p + 7/4*p**4 - 1/2*p**2 + 1/3*p**3 + 32. Determine x(j).
7
Let z(q) be the first derivative of q**6/120 + q**5/10 + q**4/6 + 5*q**3/2 - 2*q**2 + 2*q + 92. Let r(h) be the second derivative of z(h). What is r(-6)?
-9
Suppose 4*u - 22 = -2*q + 2*u, 2*u = 3*q - 13. Let g(x) = 27*x**2 + 4*x - 10. Let n(o) = -149*o**2 - 19*o + 55. Let b(k) = -11*g(k) - 2*n(k). Give b(q).
7
Let y(x) = -40348708*x + 40348709*x - x**2 + x**2 + 6*x**2 - 1. Determine y(1).
6
Let v = -648 + 650. Let a(x) = 5 + 3*x + 6*x + 2*x**2 + 3*x**2 - 14*x**v + 10*x**2. Calculate a(-6).
-13
Let h(k) be the first derivative of -5*k + 7*k**2 + k - 145 + k. Give h(4).
53
Let h(o) = o + 1. Let z be h(7). Suppose -a = -4*g - 2, 5*a - 2 - z = 2*g. Let p(i) = a*i**3 - 4 - i**3 + 13 - 9*i - 3*i**2 - 2*i**2. Give p(6).
-9
Let k(f) = -2*f - 44. Let m = 1144 - 1162. Give k(m).
-8
Let g(y) = -y**3 + 2*y**2 + 4*y - 10. Let j = 5500 - 5497. Calculate g(j).
-7
Let b(l) = 30. Let s(k) = 17. Let o(v) = -3*b(v) + 5*s(v). Let r(z) = -z - 3. Let d(q) = o(q) - 5*r(q). What is d(-8)?
-30
Let x(h) = 5 + 69*h + 6 - 50*h + 0*h**2 - 3*h**2. Let i be (-11)/2 - (-3)/6. Let a(j) = -j**2 + 9*j + 5. Let c(s) = i*a(s) + 2*x(s). Give c(-6).
3
Let w(n) = n**3 + 3*n**2 + 4*n - 1. Let l be 15*28/54 + 28/126. Let q(x) = x - 5. Let i be q(l). Suppose m + i*g - 6 = 0, -3*m + 5*g = -8*m. Calculate w(m).
-13
Let l(f) = -f**3 - 25*f**2 + 54*f + 30. Suppose 0 = -i + 2*x - 39 + 12, 5*x = -4*i - 108. Calculate l(i).
30
Let v(s) = s**3 + s**2 - 72. Let f = -1172 - -1172. Determine v(f).
-72
Let l = 33 + -29. Suppose -5*k = -l*g - 22, -2*k + 23 = 2*k - 5*g. Let q(w) = 24 - 50 + 2*w + 26 + 4*w**k. Give q(2).
20
Let s(i) = -i**3 + 10*i**2 - 17*i + 6. Let m(z) = -7*z - 13*z + 28*z - 7 + z**2 - 6*z. Let f be m(-5). Let g be s(f). Let d(b) = b**2 + 3*b + 3. What is d(g)?
1
Let u(p) = -13*p**2 - 34*p + 119. Let r(h) = -6*h**2 - 19*h + 56. Let i(x) = 5*r(x) - 2*u(x). What is i(-8)?
2
Suppose -2*u = i - 9, 7*i - 18 - 45 = 5*u. Let n(d) be the first derivative of i + 3/2*d**2 - 4/3*d**3 - 1/4*d**4 - 3*d. Calculate n(-5).
7
Let l(i) = -51*i**2 + 561*i - 9. Let b be l(11). Let g(k) = -k**2 - 7*k + 14. Determine g(b).
-4
Let j(m) = 10*m**2 + 89*m - 13. Let x be -1 + 6/(-10) + (-2923)/395. Give j(x).
-4
Let x(j) be the first derivative of -5*j**2/2 + j + 7. Let i be x(-2). Let s(v) = 7*v - 5. Let d(c) = -5*c + 5. Let z(p) = 3*d(p) + 2*s(p). Determine z(i).
-6
Let u(j) = j**2 + 3*j - 3. Let b(s) = -s**2 - 22*s - 2. Let h be b(-19). Let l = -71 + 11. Let x = l + h. Give u(x).
7
Let n(f) be the first derivative of -f**3/6 - f**2 - 140*f + 132. Let t(x) be the first derivative of n(x). What is t(5)?
-7
Let h(x) be the second derivative of -x**5/20 - 2*x**4/3 - x**3/2 + 9*x**2/2 + 3*x - 213. Let u be ((-48)/15)/(3*8/60). What is h(u)?
33
Let x(o) = o**3 + 10*o**2 - 12*o - 2. Let d(t) = 692*t - 2087. Let z be d(3). Calculate x(z).
9
Let t(g) = -4*g**2 - 46*g + 563. Let u be t(-19). Let m(q) = q**2 - 44. Calculate m(u).
5
Let c(p) = p + 1. Let l be (3/2)/(3/2). Let f(b) = -3*b + 3. Let m(z) = -65*z - 193. Let d be m(-3). Let v(w) = d*c(w) + l*f(w). What is v(4)?
1
Let w(u) = 22*u**3 + 15*u**2 + 48*u + 12. Let g(o) = 10*o**3 + 7*o**2 + 21*o + 6. Let f(i) = 9*g(i) - 4*w(i). Calculate f(-3).
-12
Let p(a) = -a**2 - 15*a + 36. Let o be p(-17). Let y be o*(3 - 4) - -1. Let i be y + 7/(7/(-3)). Let r(b) = -2*b - 6. Give r(i).
2
Suppose 5*t = 2*i + 21, 0*t = -4*t - 5*i + 30. Let p(v) = -v + 5. Let d be p(t). Let o(u) = -1 - 3 + u + u + d*u. Give o(-5).
-14
Let u = -2229 - -2234. Let r(a) = 22*a - 94. What is r(u)?
16
Let u be (-14)/(-3) + 4/(-6). Let l(x) be the third derivative of x**5/60 - 7*x**4/24 + x**3/3 + 8*x**2 - 1006*x - 2. Calculate l(u).
-10
Suppose 2*i = -18 - 26 + 38. Let k(j) be the first derivative of j**3/3 + 3*j**2/2 + 1. What is k(i)?
0
Let u(g) be the second derivative of g**3 - 3*g**2/2 - 6*g. Let x(v) be the first derivative of -2*v**2 - 34*v + 5. Let y be x(-9). Calculate u(y).
9
Suppose -5*p - 204*a = -202*a - 32, 2*p + 3*a - 4 = 0. Let l(i) = -8*i - 3*i**3 + 3*i**3 + 9*i**2 - i**3 - 10. Give l(p).
-10
Let b(y) = 9*y**2 - y + 5 + 11*y**2 - 8*y**2 + 2*y**2. Let q(j) = j + 19. Let v be q(-18). Let w(t) = -t**2 - 1. Let k(x) = v*b(x) + 5*w(x). Calculate k(1).
8
Let y(l) = -3*l**3 + 8*l**2 + 3*l - 3. Suppose 73*z - 351 = 14*z - 58*z. Give y(z).
-3
Let l(t) = 2*t + 2. Suppose 6*f = 3*f + 78. Let u(r) = -r**2 - 8*r - 29. Let b be u(0). Let n = b + f. Determine l(n).
-4
Let b(h) = -677*h + 241 + 191*h + 179*h + 195*h + 94. What is b(3)?
-1
Let g(r) = r + 3569986 - r**2 - 3569992 - 25*r. Calculate g(-24).
-6
Let w(b) = -5*b + 59. Let t(d) = d + 48. Let o(f) = -2*t(f) + 2*w(f). Give o(6).
-50
Let b(u) = 2*u**2 - 19*u - 6. Let x be b(10). Let o(j) = 2*j**2 - 16*j - 13. Let q be o(9). Let c(r) = 2*r**2 + q*r - 3*r**2 - 3 - 1. Calculate c(x).
0
Let d(o) = -o**3 + 3*o**2 - 3*o + 3. Let h = -7 - -41. Suppose h = 4*u - 3*u. Let y = u - 32. Determine d(y).
1
Let c(r) = -26 - 369*r**3 - 13*r + 852*r**3 - 482*r**3 + 5*r + 4*r**2. Determine c(-3).
7
Let p(k) = 52*k + 291*k**2 - 1139*k**2 + 560 + 288*k**2 + 280*k**2 + 281*k**2. Give p(-37).
5
Let q(x) = 3*x + 8*x - 19*x + 2 + 4*x. Let u(i) = -54*i - 163. Let s be u(-3). Determine q(s).
6
Let t(s) = -s**3 - 6*s**2 - 13*s - 16. Let i = -328 - -326. What is t(i)?
-6
Let o = -4493 - -4489. Let l(m) be the first derivative of 3*m**2/2 + 6*m - 1. What is l(o)?
-6
Suppose -i = -2, -2*t + 4*i - 24 = -6*t. Let q(j) be the third derivative of -j**5/60 + 7*j**4/24 + 2*j**3/3 - 60*j**2 - 7*j - 1. Determine q(t).
16
Suppose 0 = 2*l - 5*u - 20, -5*u - 23 = -l - 13. Let t(m) = -m**3 + 11*m**2 - 14*m + 6. Calculate t(l).
-34
Suppose -95*z = -98*z + 513. Let a(o) = -6*o - 5*o**2 + 17 + 170*o**3 - z*o**3 - 4*o**2. Calculate a(-8).
1
Let y = 21199 + -21211. Let b(w) = -w**3 - 12*w**2 + 3*w + 30. Give b(y).
-6
Let o(z) = -z - 4. Let w be o(-5). Suppose -u = -w - 2. Let y(b) = -2*b**u - 2*b**2 - 12*b**3 + b + 2 + 17*b**3 - 2*b**3. Determine y(2).
4
Let k(t) = -2*t. Let l(n) = -3*n. Let d(f) = -3*k(f) + l(f). Let u(j) = -j**3 + 20*j**2 + 101*j - 2281. Let m be u(19). What is d(m)?
-3
Let u(w) = 7 + 6 + 22*w + 10*w - 49*w. Determine u(-4).
81
Let n(f) = -477*f**2 + 893*f**2 - 9*f - 57 - 415*f**2. Calculate n(0).
-57
Let o(g) = g**3 - 7*g**2 - 6*g + 4. Let p be (36/20)/1*15. Let n be (9 - 10) + (-5)/((-15)/p). Calculate o(n).
20
Let u = 3048 + -3052. Let p(v) = v**3 - 3*v**2 - 29*v - 4. Give p(u).
0
Let q be 158*(-7)/154 + 4/22. Let i(d) = d - 9. Let z be i(9). Let j(a) = 2 + a**2 + 8*a + z + 4. Determine j(q).
-1
Let n(q) be the second derivative of q**6/120 - q**5/12 - q**4/24 + 7*q**3/6 - 135*q**2 - 230*q. Let z(i) be the first derivative of n(i). Calculate z(5).
2
Suppose 0 = 5*r + 42 - 62. Suppose -r*c = -l - 39 - 15, 3*l + 45 = 3*c. Suppose 0 = c*s - 11*s - 10. Let p(j) = -j + 1. Calculate p(s).
-4
Let d(s) = -10*s + 108. Let i(b) = b - 23. Let g(f) = -d(f) - 5*i(f). What is g(4)?
27
Let v(u) = -31*u**3 + 10*u**2 - 11*u + 12. Let k(p) = 40*p**3 - 13*p**2 + 14*p - 15. Let g(i) = 7*k(i) + 9*v(i). Let w be (1*2)/(4/6). What is g(w)?
18
Let m(a) = -13*a + 21. Let l(u) = -48*u + 84. Let z(r) = 4*l(r) - 15*m(r). Calculate z(-10).
-9
Let a(x) = -x**2 - 4*x + 5. Let d = 2375 - 2381. Calculate a(d).
-7
Let z(w) = -w + 2. Let u(r) = -2*r + 1240*r**2 - 3 + 7 - 1241*r**2 - 2*r. Let y be u(-4). What is z(y)?
-2
Let d(v) = -38*v**2 + 164*v - 107*v - 93*v - 5 - 2*v**3. Let z be d(-18). L